7*(v + -7)/(-5) is divided by 5?
2
Let c be (14/(-3))/((-12)/(-342)). Let t = c + 140. Calculate the remainder when 40 is divided by t.
5
Suppose -6*t + 85 = -19*t + 657. Calculate the remainder when 145 is divided by t.
13
Let w(v) = v**3 + 40*v**2 + 234*v - 29. What is the remainder when w(-31) is divided by 341?
2
Let r = -10 + 92. Suppose 2*n - m - 5 = 0, 0 = -n - 4*n + m + 11. Suppose 7 = u + n*d - 12, 2*u + d - 41 = 0. What is the remainder when r is divided by u?
19
What is the remainder when 1536 is divided by 25 + -27 - (5 - 94)?
57
Let z(k) = 3*k**3 - k**2 + 11*k - 30. Calculate the remainder when 1110 is divided by z(2).
6
Let m(u) = -4*u + 79. Let t be m(10). Suppose t*w - 7*w - 30720 = 0. Calculate the remainder when w is divided by 31.
30
Suppose 150 + 110 = 5*u. Let a be (-1 - (-923)/52)*(0 - -4). Suppose -11*k = -a*k + 1624. Calculate the remainder when u is divided by k.
23
Let x(o) = -o**3 + 22*o**2 + 29*o - 458. Calculate the remainder when 5759 is divided by x(22).
179
Let p(y) = y**3 + 3*y**2 - 3*y - 2. Suppose 5*n + 21 = 16. Let q(g) = -49*g**3 - g - 2. Calculate the remainder when q(n) is divided by p(-3).
6
Let d be 1/(-3) - (-3 + (-1197)/27). Let n = d + -74. What is the remainder when 49 is divided by 792/77 - (-1 - n/21)?
9
Let a(u) = -2*u**2 + 69*u + 877. Calculate the remainder when 2069 is divided by a(41).
5
Calculate the remainder when -2119*((-106)/21 + (-139)/(-2919)) is divided by 3527.
14
Let s = 56 + -97. Suppose 5*w - 69 = -a, 271*w - 165 = -3*a + 270*w. Let v = s + a. What is the remainder when 37 is divided by v?
11
Let j(d) = -9*d**3 + 2*d**2 - 58*d - 146. Calculate the remainder when j(-3) is divided by 148.
141
Let p be 63/4*(-24)/9. Suppose -b - 15 = 23. Let g = b - p. Calculate the remainder when g is divided by 4.
0
Suppose -1197 = -58*j - 153. Suppose 0 = -5*i + 3*d - 2*d + 132, -2*i + 3*d + 58 = 0. Let k = i - j. What is the remainder when k is divided by 3?
2
Let f(q) = 187*q + 3749. Calculate the remainder when 3931 is divided by f(-19).
11
Let s = 22076 + -22036. Let k(i) = 5*i**2 - i. Calculate the remainder when k(4) is divided by s.
36
Let x be 0 + 0 + -1 + 2. Let y(g) be the third derivative of 107*g**4/24 + g**3/3 - 149*g**2. Calculate the remainder when y(x) is divided by 14.
11
Let q be 15/(-20) + (-930)/(-24). Let i = 46 - q. Calculate the remainder when 28 is divided by i.
4
Suppose 20875 = 190*v - 8355 - 3640. What is the remainder when 271 is divided by v?
98
Let t(g) = 87*g + 692. Let z be t(-8). Suppose d = -d + 22. Let j = z + d. What is the remainder when j is divided by 4?
3
Let o = 28 - 63. Let k = o + 33. What is the remainder when 23/(k*(-4)/56) is divided by 33?
29
Let q = 24943 - 24127. What is the remainder when q is divided by 90?
6
Suppose u + 16 = -2*l, 2 = -12*u + 13*u. What is the remainder when (-2 + 105/(-9))/(l/27) is divided by 14?
13
Suppose -2*x - 507 = -3*h, 3*h - 507 = x - 6. Calculate the remainder when h is divided by 124.
41
Let g = 5366 - 5356. What is the remainder when 3557 is divided by g?
7
Suppose o + 440 = 110. Calculate the remainder when 28 is divided by (-3)/(66/4) + (-5340)/o.
12
Let b(q) = -6*q - 138. Let p(k) = k + 23. Let w(m) = -6*b(m) - 34*p(m). Let a be w(-24). Calculate the remainder when 81 is divided by (70/40)/(a/(-32)).
25
Suppose r - 50 = -4*u - 13, -4*r - 12 = -4*u. Let g(o) = 7*o**2 - o. Calculate the remainder when u is divided by g(1).
2
Let r = 0 + 16. Suppose 0 = 2*p - 52 + r. Suppose -5*i + 52 = -p. Calculate the remainder when 37 is divided by i.
9
Let i(y) = -16*y - 6. Let z be i(4). Let b = 6540 + -6522. What is the remainder when (-2)/(-2) - 0 - z is divided by b?
17
Let z = -8 + 18. What is the remainder when (-10 + 731/68)/((-12)/(-1264)) is divided by z?
9
Let i(g) = 3*g**3 - 7*g**2 + 3*g + 16. Suppose -y - 8 = -v - 0, y = -3. What is the remainder when i(v) is divided by 18?
15
Let k(p) = p**3 + 16*p**2 - 5*p + 70. Let u be k(-16). Calculate the remainder when 229 is divided by (5 + (-72)/16)*u.
4
Suppose -24*q = -33*q. Suppose q = 2*a - 4*f - 36, -10*f - 48 = -5*a - 14*f. Calculate the remainder when 36 is divided by a.
0
Let a = 58 - 35. Calculate the remainder when (-12)/(-4) - 8 - (-85)/1 is divided by a.
11
Let m(j) be the second derivative of -j**3/6 + 19*j**2/2 - j. Suppose -199*p + 189 - 118 = 3056. Calculate the remainder when m(p) is divided by 12.
10
Let b = 1658 - -899. Suppose 1975 = 3*u + 4*z, -5*u + 727 + b = -z. Calculate the remainder when u is divided by 30.
27
Let w = 279 - 283. Calculate the remainder when (w/(-18))/(34/3978) is divided by 7.
5
Let j = -117 - -168. Suppose -j = -4*z - f, 3*z + 2*z + 3*f - 62 = 0. What is the remainder when z is divided by 10?
3
Suppose -150*r + 144*r = -42. Calculate the remainder when 12*3 - 1/1 is divided by (1 - r)*(1 + 25/(-10)).
8
Let s(j) = -4*j - 29. Suppose -4*i - 6*n = -4*n + 248, 5*i + 310 = -3*n. Let t = 119 + i. What is the remainder when t is divided by s(-11)?
12
Let u(j) = 30 + 24 - 4*j**2 + 2*j**2 + 14*j - 46. Calculate the remainder when 35 is divided by u(6).
15
Let m = 799 - 421. Let a = -97 + 163. Calculate the remainder when a is divided by (-1)/(143/26) - m/(-22).
15
Suppose 5*m - 454 - 422 = -2*h, 2*h + 168 = m. Calculate the remainder when m is divided by 15.
9
Let h = 4323 + -3557. What is the remainder when h is divided by 157?
138
Suppose 5*o - q - 11 = 0, 3*o = 3*q - 4 + 13. What is the remainder when (1 + 3)/((-100)/(-1975)) is divided by 18 - o/4*4?
15
Let z(g) = g + 3. Let o be z(1). Suppose 4*c = -4*k + o, 5*k + 5 = c - 2. Calculate the remainder when 19 is divided by (c - -2) + 4 + -4.
3
Suppose -284*q - 172*q + 120*q + 414960 = 0. Calculate the remainder when q is divided by 45.
20
Let f = 753 + -501. Suppose 2*n + f = 4*h - 0*n, -h - n = -60. What is the remainder when h is divided by 16?
14
Let l(y) = -78*y - 3811. What is the remainder when 8908 is divided by l(-49)?
9
Suppose 3*q - r = 592 + 1816, 0 = r - 4. What is the remainder when q is divided by 2?
0
Let s(i) = -5956*i - 5918. Suppose 5*k + 44 = 9. Let v(h) = -h**3 - 7*h**2 - 2*h - 6. Calculate the remainder when s(-1) is divided by v(k).
6
Suppose x = 2*b + 2*x - 236, 4*x = -b + 111. Calculate the remainder when 6186 is divided by b.
117
Suppose -934*a + 939*a - 1525 = 0. Calculate the remainder when 613 is divided by a.
3
Suppose -6*d = -14*d - 176. Let i = d + 40. Calculate the remainder when 28 is divided by i.
10
Let x = 205 - 111. Calculate the remainder when x is divided by (-24)/5*(-270)/81.
14
Suppose 413*h - 13053 - 104193 = -4084. What is the remainder when h is divided by 19?
8
Suppose 4*k - 2*u - 963 + 2381 = 0, -4*k + 4*u = 1424. Let t = -282 - k. What is the remainder when 282 is divided by t?
69
Let i(m) = -824 + 23*m**2 - 821 + 2448 + 20*m - 821 + m**3. Suppose -31 = 2*h + 13. What is the remainder when 49 is divided by i(h)?
23
Let s(r) = -r**2 + 19*r - 22. Let o be s(18). Let h(j) = 6*j**2. What is the remainder when ((-190)/o)/(-11 - 207/(-18)) is divided by h(-2)?
23
Suppose -182*x + 170*x - 225 = -7953. Calculate the remainder when x is divided by 38.
36
Let i(x) = 15*x**2 + 2*x - 2. Let a = -593 - -595. Suppose -2*r - 3*w + 61 = 0, -73 = -a*r - 4*w + 5*w. What is the remainder when i(2) is divided by r?
27
Suppose 28*g - 418 = 3278. Calculate the remainder when 427 is divided by g.
31
Suppose -1797 - 6042 = 13*y. Let p = -545 - y. Calculate the remainder when p is divided by 5.
3
Let k(y) = -y**3 + 11*y**2 + 17*y - 17. Calculate the remainder when 161 is divided by k(12).
32
Let i(h) = -28*h + 153. Let l be i(6). Suppose 5 = 5*a - 25. What is the remainder when 5 is divided by (10/l + 8/a)*3?
1
Let d(y) = 15*y - 30. Let p(l) = -60*l + 119. Let i(j) = 9*d(j) + 2*p(j). Let q = 71 - 41. Calculate the remainder when i(8) is divided by q.
28
Let a(n) = 2*n**2 - 233*n - 3170. What is the remainder when a(144) is divided by 791?
4
Suppose 0 = -59*y + 62*y - 7245. Suppose 27*m - y = 22*m. Suppose 8*v - m = 421. What is the remainder when v is divided by 19?
18
Let x = 186 + -130. Let l be ((-152)/(-14) - -2) + 4/28. Suppose 5*v = l*v - 872. What is the remainder when v is divided by x?
53
Let j(o) = 4*o**2 - 4*o + 21. Let f be j(7). Suppose 6*h + 81 = f.